{"id":147,"date":"2015-03-08T18:32:46","date_gmt":"2015-03-08T16:32:46","guid":{"rendered":"http:\/\/paolorandazzo.com\/home\/?page_id=147"},"modified":"2018-08-07T11:03:55","modified_gmt":"2018-08-07T09:03:55","slug":"gay-in-space","status":"publish","type":"page","link":"https:\/\/paolorandazzo.com\/home\/gay-in-space\/","title":{"rendered":"Gay in Space"},"content":{"rendered":"\t\t<div data-elementor-type=\"wp-post\" data-elementor-id=\"147\" class=\"elementor elementor-147 elementor-bc-flex-widget\">\n\t\t\t\t\t\t<section class=\"elementor-section elementor-top-section elementor-element elementor-element-132a1ae5 elementor-section-stretched elementor-section-full_width elementor-section-height-default elementor-section-height-default\" data-id=\"132a1ae5\" data-element_type=\"section\" data-settings=\"{&quot;stretch_section&quot;:&quot;section-stretched&quot;}\">\n\t\t\t\t\t\t<div class=\"elementor-container elementor-column-gap-default\">\n\t\t\t\t\t<div class=\"elementor-column elementor-col-100 elementor-top-column elementor-element elementor-element-4aecc18c\" data-id=\"4aecc18c\" data-element_type=\"column\">\n\t\t\t<div class=\"elementor-widget-wrap elementor-element-populated\">\n\t\t\t\t\t\t<div class=\"elementor-element elementor-element-767e88a3 elementor-pagination-position-inside elementor-arrows-position-inside elementor-widget elementor-widget-image-carousel\" data-id=\"767e88a3\" data-element_type=\"widget\" data-settings=\"{&quot;slides_to_show&quot;:&quot;1&quot;,&quot;navigation&quot;:&quot;both&quot;,&quot;autoplay&quot;:&quot;yes&quot;,&quot;pause_on_hover&quot;:&quot;yes&quot;,&quot;pause_on_interaction&quot;:&quot;yes&quot;,&quot;autoplay_speed&quot;:5000,&quot;infinite&quot;:&quot;yes&quot;,&quot;effect&quot;:&quot;slide&quot;,&quot;speed&quot;:500}\" data-widget_type=\"image-carousel.default\">\n\t\t\t\t<div class=\"elementor-widget-container\">\n\t\t\t\t\t\t\t<div class=\"elementor-image-carousel-wrapper swiper\" role=\"region\" aria-roledescription=\"carousel\" aria-label=\"Carosello d&#039;immagini\" dir=\"ltr\">\n\t\t\t<div class=\"elementor-image-carousel swiper-wrapper\" aria-live=\"off\">\n\t\t\t\t\t\t\t\t<div class=\"swiper-slide\" role=\"group\" aria-roledescription=\"slide\" aria-label=\"1 di 1\"><figure class=\"swiper-slide-inner\"><img decoding=\"async\" class=\"swiper-slide-image\" src=\"https:\/\/paolorandazzo.com\/home\/wp-content\/uploads\/2018\/08\/header-home_0001_Kurven-1.png\" alt=\"header-home_0001_Kurven-1\" \/><\/figure><\/div>\t\t\t<\/div>\n\t\t\t\t\t<\/div>\n\t\t\t\t\t\t<\/div>\n\t\t\t\t<\/div>\n\t\t\t\t\t<\/div>\n\t\t<\/div>\n\t\t\t\t\t<\/div>\n\t\t<\/section>\n\t\t\t\t<section class=\"elementor-section elementor-top-section elementor-element elementor-element-d9b20f elementor-section-boxed elementor-section-height-default elementor-section-height-default\" data-id=\"d9b20f\" data-element_type=\"section\">\n\t\t\t\t\t\t<div class=\"elementor-container elementor-column-gap-default\">\n\t\t\t\t\t<div class=\"elementor-column elementor-col-100 elementor-top-column elementor-element elementor-element-16a2bfcc\" data-id=\"16a2bfcc\" data-element_type=\"column\">\n\t\t\t<div class=\"elementor-widget-wrap elementor-element-populated\">\n\t\t\t\t\t\t<div class=\"elementor-element elementor-element-1c2110b2 elementor-widget elementor-widget-spacer\" data-id=\"1c2110b2\" data-element_type=\"widget\" data-widget_type=\"spacer.default\">\n\t\t\t\t<div class=\"elementor-widget-container\">\n\t\t\t\t\t\t\t<div class=\"elementor-spacer\">\n\t\t\t<div class=\"elementor-spacer-inner\"><\/div>\n\t\t<\/div>\n\t\t\t\t\t\t<\/div>\n\t\t\t\t<\/div>\n\t\t\t\t<div class=\"elementor-element elementor-element-47635afc elementor-widget elementor-widget-heading\" data-id=\"47635afc\" data-element_type=\"widget\" data-widget_type=\"heading.default\">\n\t\t\t\t<div class=\"elementor-widget-container\">\n\t\t\t\t\t<h2 class=\"elementor-heading-title elementor-size-default\">Die Sch\u00f6pfung<\/h2>\t\t\t\t<\/div>\n\t\t\t\t<\/div>\n\t\t\t\t<div class=\"elementor-element elementor-element-5562e12 elementor-widget-divider--view-line elementor-widget elementor-widget-divider\" data-id=\"5562e12\" data-element_type=\"widget\" data-widget_type=\"divider.default\">\n\t\t\t\t<div class=\"elementor-widget-container\">\n\t\t\t\t\t\t\t<div class=\"elementor-divider\">\n\t\t\t<span class=\"elementor-divider-separator\">\n\t\t\t\t\t\t<\/span>\n\t\t<\/div>\n\t\t\t\t\t\t<\/div>\n\t\t\t\t<\/div>\n\t\t\t\t<div class=\"elementor-element elementor-element-27c25c53 gallery-spacing-custom elementor-widget elementor-widget-image-gallery\" data-id=\"27c25c53\" data-element_type=\"widget\" data-widget_type=\"image-gallery.default\">\n\t\t\t\t<div class=\"elementor-widget-container\">\n\t\t\t\t\t\t\t<div class=\"elementor-image-gallery\">\n\t\t\t\n\t\t<style type=\"text\/css\">\n\t\t\t#gallery-1 {\n\t\t\t\tmargin: auto;\n\t\t\t}\n\t\t\t#gallery-1 .gallery-item {\n\t\t\t\tfloat: left;\n\t\t\t\tmargin-top: 10px;\n\t\t\t\ttext-align: center;\n\t\t\t\twidth: 33%;\n\t\t\t}\n\t\t\t#gallery-1 img {\n\t\t\t\tborder: 2px solid #cfcfcf;\n\t\t\t}\n\t\t\t#gallery-1 .gallery-caption {\n\t\t\t\tmargin-left: 0;\n\t\t\t}\n\t\t\t\/* see gallery_shortcode() in wp-includes\/media.php *\/\n\t\t<\/style>\n\t\t<div id='gallery-1' class='gallery galleryid-147 gallery-columns-3 gallery-size-full'><dl class='gallery-item'>\n\t\t\t<dt class='gallery-icon landscape'>\n\t\t\t\t<a data-elementor-open-lightbox=\"yes\" data-elementor-lightbox-slideshow=\"27c25c53\" data-elementor-lightbox-title=\"1\" data-e-action-hash=\"#elementor-action%3Aaction%3Dlightbox%26settings%3DeyJpZCI6NTk5LCJ1cmwiOiJodHRwczpcL1wvcGFvbG9yYW5kYXp6by5jb21cL2hvbWVcL3dwLWNvbnRlbnRcL3VwbG9hZHNcLzIwMThcLzA4XC8xLTIucG5nIiwic2xpZGVzaG93IjoiMjdjMjVjNTMifQ%3D%3D\" href='https:\/\/paolorandazzo.com\/home\/wp-content\/uploads\/2018\/08\/1-2.png'><img fetchpriority=\"high\" decoding=\"async\" width=\"500\" height=\"500\" src=\"https:\/\/paolorandazzo.com\/home\/wp-content\/uploads\/2018\/08\/1-2.png\" class=\"attachment-full size-full\" alt=\"\" aria-describedby=\"gallery-1-599\" srcset=\"https:\/\/paolorandazzo.com\/home\/wp-content\/uploads\/2018\/08\/1-2.png 500w, https:\/\/paolorandazzo.com\/home\/wp-content\/uploads\/2018\/08\/1-2-150x150.png 150w, https:\/\/paolorandazzo.com\/home\/wp-content\/uploads\/2018\/08\/1-2-300x300.png 300w\" sizes=\"(max-width: 500px) 100vw, 500px\" \/><\/a>\n\t\t\t<\/dt>\n\t\t\t\t<dd class='wp-caption-text gallery-caption' id='gallery-1-599'>\n\t\t\t\t1 &#8211; Gott langweilte sich, die Kelly Bag hatte er schon, ebenso ein Alkohlproblem. Da kam er auf die Idee der Sch\u00f6pfung.\n\t\t\t\t<\/dd><\/dl><dl class='gallery-item'>\n\t\t\t<dt class='gallery-icon landscape'>\n\t\t\t\t<a data-elementor-open-lightbox=\"yes\" data-elementor-lightbox-slideshow=\"27c25c53\" data-elementor-lightbox-title=\"2\" data-e-action-hash=\"#elementor-action%3Aaction%3Dlightbox%26settings%3DeyJpZCI6NTU5LCJ1cmwiOiJodHRwczpcL1wvcGFvbG9yYW5kYXp6by5jb21cL2hvbWVcL3dwLWNvbnRlbnRcL3VwbG9hZHNcLzIwMThcLzA4XC8yLTIucG5nIiwic2xpZGVzaG93IjoiMjdjMjVjNTMifQ%3D%3D\" href='https:\/\/paolorandazzo.com\/home\/wp-content\/uploads\/2018\/08\/2-2.png'><img decoding=\"async\" width=\"500\" height=\"500\" src=\"https:\/\/paolorandazzo.com\/home\/wp-content\/uploads\/2018\/08\/2-2.png\" class=\"attachment-full size-full\" alt=\"\" aria-describedby=\"gallery-1-559\" srcset=\"https:\/\/paolorandazzo.com\/home\/wp-content\/uploads\/2018\/08\/2-2.png 500w, https:\/\/paolorandazzo.com\/home\/wp-content\/uploads\/2018\/08\/2-2-150x150.png 150w, https:\/\/paolorandazzo.com\/home\/wp-content\/uploads\/2018\/08\/2-2-300x300.png 300w\" sizes=\"(max-width: 500px) 100vw, 500px\" \/><\/a>\n\t\t\t<\/dt>\n\t\t\t\t<dd class='wp-caption-text gallery-caption' id='gallery-1-559'>\n\t\t\t\t2 &#8211; Es werde Licht! Wie nichts erschuf Gott Sonne Mond und Sterne, und ebenso die Erde&#8230;\n\t\t\t\t<\/dd><\/dl><dl class='gallery-item'>\n\t\t\t<dt class='gallery-icon landscape'>\n\t\t\t\t<a data-elementor-open-lightbox=\"yes\" data-elementor-lightbox-slideshow=\"27c25c53\" data-elementor-lightbox-title=\"3\" data-e-action-hash=\"#elementor-action%3Aaction%3Dlightbox%26settings%3DeyJpZCI6NTYwLCJ1cmwiOiJodHRwczpcL1wvcGFvbG9yYW5kYXp6by5jb21cL2hvbWVcL3dwLWNvbnRlbnRcL3VwbG9hZHNcLzIwMThcLzA4XC8zLTIucG5nIiwic2xpZGVzaG93IjoiMjdjMjVjNTMifQ%3D%3D\" href='https:\/\/paolorandazzo.com\/home\/wp-content\/uploads\/2018\/08\/3-2.png'><img decoding=\"async\" width=\"500\" height=\"500\" src=\"https:\/\/paolorandazzo.com\/home\/wp-content\/uploads\/2018\/08\/3-2.png\" class=\"attachment-full size-full\" alt=\"\" aria-describedby=\"gallery-1-560\" srcset=\"https:\/\/paolorandazzo.com\/home\/wp-content\/uploads\/2018\/08\/3-2.png 500w, https:\/\/paolorandazzo.com\/home\/wp-content\/uploads\/2018\/08\/3-2-150x150.png 150w, https:\/\/paolorandazzo.com\/home\/wp-content\/uploads\/2018\/08\/3-2-300x300.png 300w\" sizes=\"(max-width: 500px) 100vw, 500px\" \/><\/a>\n\t\t\t<\/dt>\n\t\t\t\t<dd class='wp-caption-text gallery-caption' id='gallery-1-560'>\n\t\t\t\t3 &#8211; Aus der Kelly Bag flogen die V\u00f6gel auf die Erde, ein Engel brachte die Fische dazu.\n\t\t\t\t<\/dd><\/dl><br style=\"clear: both\" \/><dl class='gallery-item'>\n\t\t\t<dt class='gallery-icon landscape'>\n\t\t\t\t<a data-elementor-open-lightbox=\"yes\" data-elementor-lightbox-slideshow=\"27c25c53\" data-elementor-lightbox-title=\"4\" data-e-action-hash=\"#elementor-action%3Aaction%3Dlightbox%26settings%3DeyJpZCI6NTYxLCJ1cmwiOiJodHRwczpcL1wvcGFvbG9yYW5kYXp6by5jb21cL2hvbWVcL3dwLWNvbnRlbnRcL3VwbG9hZHNcLzIwMThcLzA4XC80LTEucG5nIiwic2xpZGVzaG93IjoiMjdjMjVjNTMifQ%3D%3D\" href='https:\/\/paolorandazzo.com\/home\/wp-content\/uploads\/2018\/08\/4-1.png'><img loading=\"lazy\" decoding=\"async\" width=\"500\" height=\"500\" src=\"https:\/\/paolorandazzo.com\/home\/wp-content\/uploads\/2018\/08\/4-1.png\" class=\"attachment-full size-full\" alt=\"\" aria-describedby=\"gallery-1-561\" srcset=\"https:\/\/paolorandazzo.com\/home\/wp-content\/uploads\/2018\/08\/4-1.png 500w, https:\/\/paolorandazzo.com\/home\/wp-content\/uploads\/2018\/08\/4-1-150x150.png 150w, https:\/\/paolorandazzo.com\/home\/wp-content\/uploads\/2018\/08\/4-1-300x300.png 300w\" sizes=\"(max-width: 500px) 100vw, 500px\" \/><\/a>\n\t\t\t<\/dt>\n\t\t\t\t<dd class='wp-caption-text gallery-caption' id='gallery-1-561'>\n\t\t\t\t4 &#8211; Die restliche Tiere waren an der Reihe, nur bei der Schlange, da hegten Gott seine Zweifel.\n\t\t\t\t<\/dd><\/dl><dl class='gallery-item'>\n\t\t\t<dt class='gallery-icon landscape'>\n\t\t\t\t<a data-elementor-open-lightbox=\"yes\" data-elementor-lightbox-slideshow=\"27c25c53\" data-elementor-lightbox-title=\"5\" data-e-action-hash=\"#elementor-action%3Aaction%3Dlightbox%26settings%3DeyJpZCI6NTYyLCJ1cmwiOiJodHRwczpcL1wvcGFvbG9yYW5kYXp6by5jb21cL2hvbWVcL3dwLWNvbnRlbnRcL3VwbG9hZHNcLzIwMThcLzA4XC81LTEucG5nIiwic2xpZGVzaG93IjoiMjdjMjVjNTMifQ%3D%3D\" href='https:\/\/paolorandazzo.com\/home\/wp-content\/uploads\/2018\/08\/5-1.png'><img loading=\"lazy\" decoding=\"async\" width=\"500\" height=\"500\" src=\"https:\/\/paolorandazzo.com\/home\/wp-content\/uploads\/2018\/08\/5-1.png\" class=\"attachment-full size-full\" alt=\"\" aria-describedby=\"gallery-1-562\" srcset=\"https:\/\/paolorandazzo.com\/home\/wp-content\/uploads\/2018\/08\/5-1.png 500w, https:\/\/paolorandazzo.com\/home\/wp-content\/uploads\/2018\/08\/5-1-150x150.png 150w, https:\/\/paolorandazzo.com\/home\/wp-content\/uploads\/2018\/08\/5-1-300x300.png 300w\" sizes=\"(max-width: 500px) 100vw, 500px\" \/><\/a>\n\t\t\t<\/dt>\n\t\t\t\t<dd class='wp-caption-text gallery-caption' id='gallery-1-562'>\n\t\t\t\t5 &#8211; Finalmente, als Kr\u00f6nung den Mann, sein Lieblingsgesch\u00f6pf. Mit all seinen S\u00fcnden das neue Objekt der Begierde\n\t\t\t\t<\/dd><\/dl><dl class='gallery-item'>\n\t\t\t<dt class='gallery-icon landscape'>\n\t\t\t\t<a data-elementor-open-lightbox=\"yes\" data-elementor-lightbox-slideshow=\"27c25c53\" data-elementor-lightbox-title=\"6\" data-e-action-hash=\"#elementor-action%3Aaction%3Dlightbox%26settings%3DeyJpZCI6NTYzLCJ1cmwiOiJodHRwczpcL1wvcGFvbG9yYW5kYXp6by5jb21cL2hvbWVcL3dwLWNvbnRlbnRcL3VwbG9hZHNcLzIwMThcLzA4XC82LnBuZyIsInNsaWRlc2hvdyI6IjI3YzI1YzUzIn0%3D\" href='https:\/\/paolorandazzo.com\/home\/wp-content\/uploads\/2018\/08\/6.png'><img loading=\"lazy\" decoding=\"async\" width=\"500\" height=\"500\" src=\"https:\/\/paolorandazzo.com\/home\/wp-content\/uploads\/2018\/08\/6.png\" class=\"attachment-full size-full\" alt=\"\" aria-describedby=\"gallery-1-563\" srcset=\"https:\/\/paolorandazzo.com\/home\/wp-content\/uploads\/2018\/08\/6.png 500w, https:\/\/paolorandazzo.com\/home\/wp-content\/uploads\/2018\/08\/6-150x150.png 150w, https:\/\/paolorandazzo.com\/home\/wp-content\/uploads\/2018\/08\/6-300x300.png 300w\" sizes=\"(max-width: 500px) 100vw, 500px\" \/><\/a>\n\t\t\t<\/dt>\n\t\t\t\t<dd class='wp-caption-text gallery-caption' id='gallery-1-563'>\n\t\t\t\t6 &#8211; Mit den Augen an der Kelly Bag h\u00e4ngend, wurde der Garten Eden fertig.\n\t\t\t\t<\/dd><\/dl><br style=\"clear: both\" \/><dl class='gallery-item'>\n\t\t\t<dt class='gallery-icon landscape'>\n\t\t\t\t<a data-elementor-open-lightbox=\"yes\" data-elementor-lightbox-slideshow=\"27c25c53\" data-elementor-lightbox-title=\"7\" data-e-action-hash=\"#elementor-action%3Aaction%3Dlightbox%26settings%3DeyJpZCI6NTY0LCJ1cmwiOiJodHRwczpcL1wvcGFvbG9yYW5kYXp6by5jb21cL2hvbWVcL3dwLWNvbnRlbnRcL3VwbG9hZHNcLzIwMThcLzA4XC83LnBuZyIsInNsaWRlc2hvdyI6IjI3YzI1YzUzIn0%3D\" href='https:\/\/paolorandazzo.com\/home\/wp-content\/uploads\/2018\/08\/7.png'><img loading=\"lazy\" decoding=\"async\" width=\"500\" height=\"500\" src=\"https:\/\/paolorandazzo.com\/home\/wp-content\/uploads\/2018\/08\/7.png\" class=\"attachment-full size-full\" alt=\"\" aria-describedby=\"gallery-1-564\" srcset=\"https:\/\/paolorandazzo.com\/home\/wp-content\/uploads\/2018\/08\/7.png 500w, https:\/\/paolorandazzo.com\/home\/wp-content\/uploads\/2018\/08\/7-150x150.png 150w, https:\/\/paolorandazzo.com\/home\/wp-content\/uploads\/2018\/08\/7-300x300.png 300w\" sizes=\"(max-width: 500px) 100vw, 500px\" \/><\/a>\n\t\t\t<\/dt>\n\t\t\t\t<dd class='wp-caption-text gallery-caption' id='gallery-1-564'>\n\t\t\t\t7 &#8211; Doch Adams Langweile im Garten Eden war so gross, dass Gott  ihm einen Spielgef\u00e4hrten schenkte.\n\t\t\t\t<\/dd><\/dl><dl class='gallery-item'>\n\t\t\t<dt class='gallery-icon landscape'>\n\t\t\t\t<a data-elementor-open-lightbox=\"yes\" data-elementor-lightbox-slideshow=\"27c25c53\" data-elementor-lightbox-title=\"8\" data-e-action-hash=\"#elementor-action%3Aaction%3Dlightbox%26settings%3DeyJpZCI6NTY1LCJ1cmwiOiJodHRwczpcL1wvcGFvbG9yYW5kYXp6by5jb21cL2hvbWVcL3dwLWNvbnRlbnRcL3VwbG9hZHNcLzIwMThcLzA4XC84LnBuZyIsInNsaWRlc2hvdyI6IjI3YzI1YzUzIn0%3D\" href='https:\/\/paolorandazzo.com\/home\/wp-content\/uploads\/2018\/08\/8.png'><img loading=\"lazy\" decoding=\"async\" width=\"500\" height=\"500\" src=\"https:\/\/paolorandazzo.com\/home\/wp-content\/uploads\/2018\/08\/8.png\" class=\"attachment-full size-full\" alt=\"\" aria-describedby=\"gallery-1-565\" srcset=\"https:\/\/paolorandazzo.com\/home\/wp-content\/uploads\/2018\/08\/8.png 500w, https:\/\/paolorandazzo.com\/home\/wp-content\/uploads\/2018\/08\/8-150x150.png 150w, https:\/\/paolorandazzo.com\/home\/wp-content\/uploads\/2018\/08\/8-300x300.png 300w\" sizes=\"(max-width: 500px) 100vw, 500px\" \/><\/a>\n\t\t\t<\/dt>\n\t\t\t\t<dd class='wp-caption-text gallery-caption' id='gallery-1-565'>\n\t\t\t\t8 &#8211; Von allem durfte Adam und sein Spielgef\u00e4hrten naschen, nur nicht von der Banane, diese war gesichert und bewacht.\n\t\t\t\t<\/dd><\/dl><dl class='gallery-item'>\n\t\t\t<dt class='gallery-icon landscape'>\n\t\t\t\t<a data-elementor-open-lightbox=\"yes\" data-elementor-lightbox-slideshow=\"27c25c53\" data-elementor-lightbox-title=\"9\" data-e-action-hash=\"#elementor-action%3Aaction%3Dlightbox%26settings%3DeyJpZCI6NTU3LCJ1cmwiOiJodHRwczpcL1wvcGFvbG9yYW5kYXp6by5jb21cL2hvbWVcL3dwLWNvbnRlbnRcL3VwbG9hZHNcLzIwMThcLzA4XC85LnBuZyIsInNsaWRlc2hvdyI6IjI3YzI1YzUzIn0%3D\" href='https:\/\/paolorandazzo.com\/home\/wp-content\/uploads\/2018\/08\/9.png'><img loading=\"lazy\" decoding=\"async\" width=\"500\" height=\"500\" src=\"https:\/\/paolorandazzo.com\/home\/wp-content\/uploads\/2018\/08\/9.png\" class=\"attachment-full size-full\" alt=\"\" aria-describedby=\"gallery-1-557\" srcset=\"https:\/\/paolorandazzo.com\/home\/wp-content\/uploads\/2018\/08\/9.png 500w, https:\/\/paolorandazzo.com\/home\/wp-content\/uploads\/2018\/08\/9-150x150.png 150w, https:\/\/paolorandazzo.com\/home\/wp-content\/uploads\/2018\/08\/9-300x300.png 300w\" sizes=\"(max-width: 500px) 100vw, 500px\" \/><\/a>\n\t\t\t<\/dt>\n\t\t\t\t<dd class='wp-caption-text gallery-caption' id='gallery-1-557'>\n\t\t\t\t9 &#8211; Doch nicht wieder stehen konnten sie der Versuchung, diese sch\u00f6ne Form, wie geschaffen f\u00fcr den Mund. Gottes Wut jedoch strafte sie sofort, Feigenbl\u00e4tter sollen sie von nun an tragen, jeden Tag!\n\t\t\t\t<\/dd><\/dl><br style=\"clear: both\" \/>\n\t\t<\/div>\n\t\t<\/div>\n\t\t\t\t\t\t<\/div>\n\t\t\t\t<\/div>\n\t\t\t\t\t<\/div>\n\t\t<\/div>\n\t\t\t\t\t<\/div>\n\t\t<\/section>\n\t\t\t\t<section class=\"elementor-section elementor-top-section elementor-element elementor-element-f70161f elementor-section-boxed elementor-section-height-default elementor-section-height-default\" data-id=\"f70161f\" data-element_type=\"section\">\n\t\t\t\t\t\t<div class=\"elementor-container elementor-column-gap-default\">\n\t\t\t\t\t<div class=\"elementor-column elementor-col-100 elementor-top-column elementor-element elementor-element-daebf85\" data-id=\"daebf85\" data-element_type=\"column\">\n\t\t\t<div class=\"elementor-widget-wrap elementor-element-populated\">\n\t\t\t\t\t\t<div class=\"elementor-element elementor-element-d3552d0 elementor-widget elementor-widget-image\" data-id=\"d3552d0\" data-element_type=\"widget\" data-widget_type=\"image.default\">\n\t\t\t\t<div class=\"elementor-widget-container\">\n\t\t\t\t\t\t\t\t\t\t\t\t\t\t\t\t<a href=\"http:\/\/paolorandazzo.com\/home\/wp-content\/uploads\/2018\/08\/Abendmal.png\" data-elementor-open-lightbox=\"yes\" data-elementor-lightbox-title=\"Abendmal\" data-e-action-hash=\"#elementor-action%3Aaction%3Dlightbox%26settings%3DeyJpZCI6NTY3LCJ1cmwiOiJodHRwczpcL1wvcGFvbG9yYW5kYXp6by5jb21cL2hvbWVcL3dwLWNvbnRlbnRcL3VwbG9hZHNcLzIwMThcLzA4XC9BYmVuZG1hbC5wbmcifQ%3D%3D\">\n\t\t\t\t\t\t\t<img loading=\"lazy\" decoding=\"async\" width=\"1000\" height=\"802\" src=\"https:\/\/paolorandazzo.com\/home\/wp-content\/uploads\/2018\/08\/Abendmal.png\" class=\"attachment-large size-large wp-image-567\" alt=\"\" srcset=\"https:\/\/paolorandazzo.com\/home\/wp-content\/uploads\/2018\/08\/Abendmal.png 1000w, https:\/\/paolorandazzo.com\/home\/wp-content\/uploads\/2018\/08\/Abendmal-300x241.png 300w, https:\/\/paolorandazzo.com\/home\/wp-content\/uploads\/2018\/08\/Abendmal-768x616.png 768w\" sizes=\"(max-width: 1000px) 100vw, 1000px\" \/>\t\t\t\t\t\t\t\t<\/a>\n\t\t\t\t\t\t\t\t\t\t\t\t\t\t\t<\/div>\n\t\t\t\t<\/div>\n\t\t\t\t\t<\/div>\n\t\t<\/div>\n\t\t\t\t\t<\/div>\n\t\t<\/section>\n\t\t\t\t<section class=\"elementor-section elementor-top-section elementor-element elementor-element-14d3c32 elementor-section-boxed elementor-section-height-default elementor-section-height-default\" data-id=\"14d3c32\" data-element_type=\"section\">\n\t\t\t\t\t\t<div class=\"elementor-container elementor-column-gap-default\">\n\t\t\t\t\t<div class=\"elementor-column elementor-col-100 elementor-top-column elementor-element elementor-element-38d6380\" data-id=\"38d6380\" data-element_type=\"column\">\n\t\t\t<div class=\"elementor-widget-wrap elementor-element-populated\">\n\t\t\t\t\t\t<div class=\"elementor-element elementor-element-4b10367 elementor-widget elementor-widget-image\" data-id=\"4b10367\" data-element_type=\"widget\" data-widget_type=\"image.default\">\n\t\t\t\t<div class=\"elementor-widget-container\">\n\t\t\t\t\t\t\t\t\t\t\t\t\t\t\t\t<a href=\"http:\/\/paolorandazzo.com\/home\/wp-content\/uploads\/2018\/08\/Gay-Pride.png\" data-elementor-open-lightbox=\"yes\" data-elementor-lightbox-title=\"Gay-Pride\" data-e-action-hash=\"#elementor-action%3Aaction%3Dlightbox%26settings%3DeyJpZCI6NTk3LCJ1cmwiOiJodHRwczpcL1wvcGFvbG9yYW5kYXp6by5jb21cL2hvbWVcL3dwLWNvbnRlbnRcL3VwbG9hZHNcLzIwMThcLzA4XC9HYXktUHJpZGUucG5nIn0%3D\">\n\t\t\t\t\t\t\t<img loading=\"lazy\" decoding=\"async\" width=\"1024\" height=\"768\" src=\"https:\/\/paolorandazzo.com\/home\/wp-content\/uploads\/2018\/08\/Gay-Pride-1024x768.png\" class=\"attachment-large size-large wp-image-597\" alt=\"\" srcset=\"https:\/\/paolorandazzo.com\/home\/wp-content\/uploads\/2018\/08\/Gay-Pride-1024x768.png 1024w, https:\/\/paolorandazzo.com\/home\/wp-content\/uploads\/2018\/08\/Gay-Pride-300x225.png 300w, https:\/\/paolorandazzo.com\/home\/wp-content\/uploads\/2018\/08\/Gay-Pride-768x576.png 768w, https:\/\/paolorandazzo.com\/home\/wp-content\/uploads\/2018\/08\/Gay-Pride.png 2000w\" sizes=\"(max-width: 1024px) 100vw, 1024px\" \/>\t\t\t\t\t\t\t\t<\/a>\n\t\t\t\t\t\t\t\t\t\t\t\t\t\t\t<\/div>\n\t\t\t\t<\/div>\n\t\t\t\t\t<\/div>\n\t\t<\/div>\n\t\t\t\t\t<\/div>\n\t\t<\/section>\n\t\t\t\t<\/div>\n\t\t","protected":false},"excerpt":{"rendered":"<p>Die Sch\u00f6pfung 1 &#8211; Gott langweilte sich, die Kelly Bag hatte er schon, ebenso ein Alkohlproblem. Da kam er auf die Idee der Sch\u00f6pfung. 2 &#8211; Es werde Licht! Wie nichts erschuf Gott Sonne Mond und Sterne, und ebenso die Erde&#8230; 3 &#8211; Aus der Kelly Bag flogen die V\u00f6gel auf die Erde, ein Engel [&hellip;]<\/p>\n","protected":false},"author":1,"featured_media":0,"parent":0,"menu_order":0,"comment_status":"closed","ping_status":"closed","template":"","meta":{"footnotes":""},"categories":[],"tags":[],"class_list":["post-147","page","type-page","status-publish","hentry"],"_links":{"self":[{"href":"https:\/\/paolorandazzo.com\/home\/wp-json\/wp\/v2\/pages\/147","targetHints":{"allow":["GET"]}}],"collection":[{"href":"https:\/\/paolorandazzo.com\/home\/wp-json\/wp\/v2\/pages"}],"about":[{"href":"https:\/\/paolorandazzo.com\/home\/wp-json\/wp\/v2\/types\/page"}],"author":[{"embeddable":true,"href":"https:\/\/paolorandazzo.com\/home\/wp-json\/wp\/v2\/users\/1"}],"replies":[{"embeddable":true,"href":"https:\/\/paolorandazzo.com\/home\/wp-json\/wp\/v2\/comments?post=147"}],"version-history":[{"count":10,"href":"https:\/\/paolorandazzo.com\/home\/wp-json\/wp\/v2\/pages\/147\/revisions"}],"predecessor-version":[{"id":602,"href":"https:\/\/paolorandazzo.com\/home\/wp-json\/wp\/v2\/pages\/147\/revisions\/602"}],"wp:attachment":[{"href":"https:\/\/paolorandazzo.com\/home\/wp-json\/wp\/v2\/media?parent=147"}],"wp:term":[{"taxonomy":"category","embeddable":true,"href":"https:\/\/paolorandazzo.com\/home\/wp-json\/wp\/v2\/categories?post=147"},{"taxonomy":"post_tag","embeddable":true,"href":"https:\/\/paolorandazzo.com\/home\/wp-json\/wp\/v2\/tags?post=147"}],"curies":[{"name":"wp","href":"https:\/\/api.w.org\/{rel}","templated":true}]}}